onvert 12211000200 (base 3) to base 14.
2da07
What is 310112331322 (base 4) in base 6?
1210104134
What is -4ca7d7 (base 16) in base 13?
-106b809
-1068403 (base 9) to base 8
-2146706
Convert 1000001100000000 (base 2) to base 11.
23218
Convert 200031111122 (base 4) to base 6.
500545002
What is 58e7c (base 15) in base 9?
471660
-11132231 (base 5) to base 11
-68480
What is -1521354 (base 6) in base 14?
-24366
What is 2031440422 (base 5) in base 2?
1111111010011001100010
Convert 26332003 (base 7) to base 13.
665701
Convert 140304044 (base 5) to base 6.
23141012
b42ba (base 12) to base 13
83218
What is -200121121200 (base 3) in base 12?
-158060
-13120102 (base 5) to base 12
-62a76
Convert c1027 (base 15) to base 11.
387a95
What is -1060bd (base 16) in base 14?
-1dd233
443422 (base 7) to base 8
230371
Convert 4290 (base 14) to base 7.
45340
Convert -100110010010001010 (base 2) to base 11.
-a78a5
What is 137353 (base 12) in base 13?
b43c9
Convert -76220 (base 13) to base 4.
-310013201
What is -1010110101001001111001 (base 2) in base 5?
-1211323121
Convert -105032 (base 9) to base 5.
-4001343
6125250 (base 8) to base 3
10001010111022
What is 222210102 (base 3) in base 10?
19532
What is 358c1 (base 15) in base 13?
5c932
What is -2220221120020 (base 3) in base 10?
-1553910
Convert 222000221220 (base 3) to base 11.
320020
What is 3003314 (base 5) in base 4?
23203212
50751 (base 14) to base 10
193523
Convert -27743 (base 14) to base 2.
-10111110010111111
Convert -2c2b6 (base 15) to base 11.
-97a69
314434 (base 9) to base 6
4001351
What is -219b3 (base 16) in base 12?
-677ab
Convert 202234421 (base 5) to base 2.
11001000011111110100
Convert -488021 (base 10) to base 16.
-77255
Convert -12824 (base 11) to base 10.
-18297
4963a (base 11) to base 4
101122100
Convert -10110010101101001100111 (base 2) to base 7.
-100526304
What is 132556 (base 11) in base 3?
101120201220
What is -1347070 (base 9) in base 3?
-1101121002100
What is 100001101001011 (base 2) in base 16?
434b
-10100110110001100 (base 2) to base 6
-1455152
What is -3ac8b (base 16) in base 5?
-30201104
2150545 (base 6) to base 14
2b3c5
What is -65383 (base 12) in base 5?
-13233322
Convert 7a2f5 (base 16) to base 7.
4153044
What is 2a185b (base 12) in base 13?
1ba328
What is -308403 (base 10) in base 4?
-1023102303
110400 (base 7) to base 15
5b39
Convert 5acdd (base 14) to base 16.
36373
Convert -311242 (base 5) to base 9.
-14880
462556 (base 7) to base 6
1434234
2122102012022 (base 3) to base 12
57955b
Convert -43494 (base 11) to base 16.
-f6a8
Convert -222312 (base 4) to base 14.
-ddc
Convert 8603d (base 15) to base 7.
3420652
Convert -142341300 (base 5) to base 6.
-23555442
Convert -11001110111000010100 (base 2) to base 6.
-30055020
What is 3444212122 (base 5) in base 15?
a42492
Convert 776322 (base 15) to base 13.
124343c
Convert -203275 (base 9) to base 6.
-2325535
-21a64 (base 13) to base 16
-eea3
-61428 (base 11) to base 6
-1531123
What is 387467 (base 10) in base 12?
16828b
11315524 (base 7) to base 3
1212121020121
Convert 57cb8 (base 13) to base 9.
263871
425254 (base 9) to base 15
50034
321442 (base 8) to base 13
39ab9
What is -220100010211 (base 3) in base 4?
-1310331100
What is -5aa3 (base 13) in base 5?
-402213
3312033343 (base 5) to base 15
961683
Convert -835892 (base 16) to base 4.
-200311202102
-18186514 (base 9) to base 4
-202322011222
-196816 (base 13) to base 6
-21440211
Convert -322012200110 (base 4) to base 7.
-243314144
Convert 1140320 (base 7) to base 15.
2caeb
Convert -73364 (base 9) to base 11.
-33414
What is 16c08 (base 14) in base 6?
1121000
What is -47d4c6 (base 14) in base 9?
-4554130
327768 (base 13) to base 7
13044351
What is b02575 (base 12) in base 2?
1010011101010010101001
What is 48696a8 (base 12) in base 16?
d6c6a0
3650331 (base 10) to base 15
4c18a6
Convert 332210231 (base 4) to base 14.
69593
Convert 556563 (base 9) to base 6.
11045050
Convert -757515 (base 9) to base 7.
-3560552
-233114032 (base 6) to base 16
-425c24
Convert 141201003 (base 6) to base 3.
12101101122010
What is -4799bb (base 16) in base 3?
-22211101210000
What is 1112131013 (base 4) in base 5?
42312434
Convert -1304144430 (base 5) to base 10.
-3193740
-24206521 (base 7) to base 5
-1022403424
11530662 (base 7) to base 6
34045200
Convert -2111022011 (base 4) to base 6.
-21032245
What is 12712607 (base 9) in base 11?
35a1025
Convert 2123120023 (base 4) to base 7.
5260321
What is -21150143 (base 6) in base 12?
-25b353
34913 (base 15) to base 10
167418
36432 (base 7) to base 15
2c20
Convert -89420 (base 12) to base 14.
-4a4ac
Convert -1c555 (base 15) to base 4.
-112202222
-21555322 (base 6) to base 12
-275b42
What is 9d2dca (base 15) in base 10?
7502365
Convert d3372 (base 15) to base 10.
669032
-4201 (base 15) to base 14
-5127
What is -1011111100111 (base 2) in base 4?
-1133213
Convert -324205 (base 8) to base 11.
-74718
3142025 (base 11) to base 5
2404140422
Convert -500534 (base 7) to base 16.
-14951
Convert -543168 (base 10) to base 3.
-1000121002100
Convert 23566312 (base 7) to base 15.
2b765d
What is -16503303 (base 7) in base 6?
-54335123
-47117155 (base 8) to base 13
-2184b9a
What is -1790221 (base 11) in base 13?
-821782
Convert -17fc8 (base 16) to base 13.
-35947
Convert 10101000101110011 (base 2) to base 10.
86387
111411440 (base 5) to base 14
cd573
Convert -170a2a5 (base 11) to base 3.
-12110222022112
Convert 252807 (base 9) to base 16.
255b8
-37142 (base 16) to base 5
-24204402
What is 40562477 (base 8) in base 6?
503510355
-29044e (base 15) to base 13
-54215c
What is 269540 (base 12) in base 16?
9bdc0
Convert 110101001100110011 (base 2) to base 14.
595ab
Convert -73632 (base 8) to base 11.
-21005
Convert -103011122 (base 4) to base 9.
-128205
Convert -20300231230 (base 4) to base 8.
-10605554
Convert -232011002312 (base 4) to base 6.
-1110522342
What is -24704630 (base 8) in base 7?
-64351155
What is 149855 (base 10) in base 3?
21121120012
What is -101432010 (base 5) in base 15?
-84a8a
What is 4602636 (base 8) in base 12?
501512
What is -7850 (base 14) in base 2?
-101000101101110
122212212122 (base 3) to base 11
220525
-7779c8 (base 13) to base 16
-2af82a
What is 1476227 (base 8) in base 4?
1213302113
Convert -192c38 (base 14) to base 5.
-212011313
12a2a (base 16) to base 2
10010101000101010
What is 2315e (base 15) in base 10?
111689
-102133131330 (base 4) to base 2
-10010011111011101111100
2101111001100 (base 3) to base 2
100110101110111101001
Convert -2222421120 (base 5) to base 16.
-4a994e
What is -66276 (base 12) in base 13?
-496a1
What is -10330103023 (base 4) in base 7?
-14004103
2a2c (base 16) to base 4
2220230
-412342422 (base 5) to base 13
-46c721
Convert -20314 (base 16) to base 8.
-401424
-101010011101011011 (base 2) to base 13
-61211
Convert -671b4 (base 13) to base 2.
-101101101010110101
What is -42240444 (base 8) in base 16?
-894124
bab3 (base 16) to base 9
72505
Convert 17607b (base 12) to base 16.
62bdf
Convert 4179aa (base 12) to base 13.
2a082c
-2111111120111 (base 3) to base 7
-14202430
Convert 557327 (base 9) to base 3.
121221100221
What is -213011310 (base 5) in base 16?
-dd748
-435141 (base 7) to base 11
-522a5
2b2657 (base 14) to base 4
11233123011
What is c5506d (base 14) in base 15?
8b840a
Convert 13202311032 (base 4) to base 15.
290ea3
What is -20424237 (base 8) in base 14?
-80c143
What is 4081857 (base 9) in base 8?
10241141
What is -23bb7 (base 14) in base 6?
-1512313
What is -795309 (base 10) in base 11?
-4a3589
What is -8954b (base 12) in base 4?
-230133023
2480889 (base 10) to base 6
125101333
11142330 (base 5) to base 11
68a10
1004054 (base 7) to base 10
119060
What is -110001011001110 (base 2) in base 11?
-18005
What is 850444 (base 12) in base 11?
1200a83
23353 (base 10) to base 4
11230321
Convert -1dd011 (base 14) to base 10.
-1072919
-64bb2 (base 13) to base 15
-38e8d
What is 433202030 (base 5) in base 9?
3430070
Convert -70809 (base 11) to base 13.
-3812a
Convert 20010122101 (base 3) to base 15.
25ba4
What is -6339657 (base 10) in base 6?
-343514133
What is -3200 (base 15) in base 2?
-10100101001111
Convert -22cfd (base 16) to base 11.
-98147
-51130 (base 12) to base 7
-616560
What is -100010010110011111101111 (base 2) in base 12?
-30232bb
Convert 